?
8
What is the millions digit of 6020535?
6
What is the hundreds digit of 10207932?
9
What is the hundreds digit of 7676456?
4
What is the units digit of 988158?
8
What is the units digit of 3126442?
2
What is the units digit of 23279570?
0
What is the ten thousands digit of 138227?
3
What is the tens digit of 28560?
6
What is the thousands digit of 2427043?
7
What is the thousands digit of 6175716?
5
What is the millions digit of 4083152?
4
What is the millions digit of 20728579?
0
What is the ten thousands digit of 10888004?
8
What is the hundred thousands digit of 4707672?
7
What is the ten thousands digit of 38280027?
8
What is the tens digit of 91807?
0
What is the thousands digit of 567191?
7
What is the ten thousands digit of 955299?
5
What is the ten thousands digit of 614897?
1
What is the hundred thousands digit of 2107907?
1
What is the hundred thousands digit of 1272596?
2
What is the thousands digit of 1053532?
3
What is the ten thousands digit of 370835?
7
What is the tens digit of 1956732?
3
What is the hundreds digit of 99874?
8
What is the tens digit of 5501432?
3
What is the ten thousands digit of 155721?
5
What is the units digit of 1411517?
7
What is the thousands digit of 466059?
6
What is the units digit of 2807696?
6
What is the tens digit of 823513?
1
What is the hundred thousands digit of 4264998?
2
What is the units digit of 1581344?
4
What is the millions digit of 17942442?
7
What is the units digit of 5916491?
1
What is the ten thousands digit of 214628?
1
What is the tens digit of 1524355?
5
What is the units digit of 2960389?
9
What is the ten thousands digit of 2018196?
1
What is the tens digit of 971647?
4
What is the thousands digit of 5244289?
4
What is the units digit of 2469106?
6
What is the hundred thousands digit of 500629?
5
What is the units digit of 435180?
0
What is the millions digit of 1311885?
1
What is the hundreds digit of 6248054?
0
What is the hundred thousands digit of 337762?
3
What is the ten thousands digit of 782328?
8
What is the hundreds digit of 116859?
8
What is the millions digit of 6189130?
6
What is the units digit of 7165220?
0
What is the thousands digit of 13222318?
2
What is the hundreds digit of 2133141?
1
What is the ten thousands digit of 30977499?
7
What is the ten thousands digit of 14603006?
0
What is the ten thousands digit of 13890858?
9
What is the ten thousands digit of 1764876?
6
What is the hundred thousands digit of 11045494?
0
What is the millions digit of 13558235?
3
What is the thousands digit of 6397258?
7
What is the ten thousands digit of 2225638?
2
What is the hundreds digit of 91130?
1
What is the ten millions digit of 25390055?
2
What is the tens digit of 51095?
9
What is the thousands digit of 2487873?
7
What is the hundreds digit of 20690873?
8
What is the millions digit of 7444068?
7
What is the tens digit of 28206327?
2
What is the units digit of 82408?
8
What is the ten thousands digit of 645707?
4
What is the thousands digit of 3587590?
7
What is the thousands digit of 201866?
1
What is the hundreds digit of 444188?
1
What is the millions digit of 3760837?
3
What is the tens digit of 3079697?
9
What is the hundred thousands digit of 1757957?
7
What is the hundred thousands digit of 566165?
5
What is the hundreds digit of 6246267?
2
What is the thousands digit of 1469?
1
What is the hundred thousands digit of 4592101?
5
What is the tens digit of 3393881?
8
What is the tens digit of 935332?
3
What is the thousands digit of 318446?
8
What is the tens digit of 6313670?
7
What is the hundred thousands digit of 373608?
3
What is the tens digit of 187687?
8
What is the hundreds digit of 93168?
1
What is the ten thousands digit of 22788664?
8
What is the ten thousands digit of 15070?
1
What is the thousands digit of 214267?
4
What is the ten thousands digit of 17967609?
6
What is the ten millions digit of 12500993?
1
What is the tens digit of 295209?
0
What is the units digit of 4592812?
2
What is the ten thousands digit of 433511?
3
What is the hundreds digit of 2371282?
2
What is the ten millions digit of 17447538?
1
What is the thousands digit of 22582765?
2
What is the millions digit of 18434114?
8
What is the thousands digit of 96190?
6
What is the ten thousands digit of 26354933?
5
What is the hundred thousands digit of 218135?
2
What is the ten thousands digit of 1814015?
1
What is the ten thousands digit of 6065032?
6
What is the ten thousands digit of 15596243?
9
What is the tens digit of 11652605?
0
What is the ten thousands digit of 206544?
0
What is the thousands digit of 11307742?
7
What is the ten thousands digit of 6906014?
0
What is the tens digit of 1530993?
9
What is the hundreds digit of 4373885?
8
What is the thousands digit of 78205?
8
What is the millions digit of 1912461?
1
What is the tens digit of 411617?
1
What is the units digit of 79122?
2
What is the millions digit of 5288855?
5
What is the hundred thousands digit of 115694?
1
What is the hundred thousands digit of 6776823?
7
What is the ten thousands digit of 1732272?
3
What is the thousands digit of 22605302?
5
What is the hundreds digit of 541315?
3
What is the hundreds digit of 8819275?
2
What is the ten thousands digit of 132487?
3
What is the hundreds digit of 408839?
8
What is the hundred thousands digit of 167713?
1
What is the ten thousands digit of 6004228?
0
What is the hundred thousands digit of 9916092?
9
What is the units digit of 254189?
9
What is the tens digit of 1180985?
8
What is the hundred thousands digit of 294188?
2
What is the tens digit of 27380033?
3
What is the units digit of 4091341?
1
What is the units digit of 330594?
4
What is the hundreds digit of 2023032?
0
What is the millions digit of 9789004?
9
What is the hundreds digit of 694949?
9
What is the ten thousands digit of 1194654?
9
What is the hundred thousands digit of 15104610?
1
What is the hundreds digit of 13131664?
6
What is the tens digit of 169246?
4
What is the hundred thousands digit of 16985647?
9
What is the ten thousands digit of 3729920?
2
What is the units digit of 7380361?
1
What is the hundred thousands digit of 3251533?
2
What is the hundred thousands digit of 3132725?
1
What is the ten thousands digit of 591752?
9
What is the millions digit of 3772097?
3
What is the hundred thousands digit of 542298?
5
What is the units digit of 9367295?
5
What is the hundreds digit of 540894?
8
What is the hundreds digit of 158140?
1
What is the millions digit of 1613489?
1
What is the hundreds digit of 202385?
3
What is the thousands digit of 309120?
9
What is the units digit of 12717?
7
What is the units digit of 218224?
4
What is the thousands digit of 734255?
4
What is the hundreds digit of 326258?
2
What is the millions digit of 1464574?
1
What is the units digit of 730781?
1
What is the ten thousands digit of 150489?
5
What is the hundreds digit of 2648642?
6
What is the units digit of 2607034?
4
What is the units digit of 20002064?
4
What is the thousands digit of 417975?
7
What is the tens digit of 909209?
0
What is the units digit of 625000?
0
What is the units digit of 8274732?
2
What is the thousands digit of 1679471?
9
What is the ten thousands digit of 830044?
3
What is the hundred thousands digit of 27452216?
4
What is the thousands digit of 6274708?
4
What is the units digit of 1134327?
7
What is the hundred thousands digit of 278339?
2
What is the ten thousands digit of 113856?
1
What is the millions digit of 2568536?
2
What is the millions digit of 4252180?
4
What is the tens digit of 1073553?
5
What is the ten thousands digit of 726402?
2
What is the ten thousands digit of 2191062?
9
What is the units digit of 1089112?
2
What is the hundred thousands digit of 1056720?
0
What is the hundreds digit of 1029524?
5
What is the units digit of 100512?
2
What is the ten thousands digit of 122795?
2
What is the hundred thousands digit of 489329?
4
What is the thousands digit of 1555447?
5
What is the units digit of 787186?
6
What is the thousands digit of 525385?
5
What is the tens digit of 44770?
7
What is the hundreds digit of 6156629?
6
What is the hundreds digit of 1185600?
6
What is the millions digit of 8207518?
8
What is the tens digit of 12765?
6
What is the units digit of